.
345
What is the highest common divisor of 1042290 and 2590?
370
Calculate the greatest common divisor of 159 and 2187474.
3
Calculate the highest common divisor of 305181250 and 15625.
3125
Calculate the greatest common factor of 10661560 and 844865.
3535
Calculate the highest common divisor of 1411 and 669727.
83
What is the greatest common divisor of 83997 and 59832?
27
Calculate the highest common factor of 279 and 59223330.
279
What is the highest common factor of 16142077 and 2793?
133
Calculate the highest common divisor of 162488 and 82878.
38
Calculate the highest common factor of 703 and 5341912.
37
What is the greatest common factor of 7866 and 2144819?
23
Calculate the greatest common factor of 1219 and 61271233.
53
What is the highest common factor of 2941 and 13667?
173
What is the highest common factor of 386 and 95896875?
193
What is the greatest common divisor of 1376 and 2549536?
32
What is the highest common divisor of 10962 and 1053332?
14
What is the greatest common divisor of 219 and 718328103?
219
Calculate the highest common factor of 1935 and 3350990.
215
Calculate the highest common divisor of 6885 and 197710.
85
Calculate the greatest common divisor of 14501707 and 1457.
31
Calculate the highest common divisor of 1696 and 3526592.
32
What is the highest common divisor of 18 and 53560044?
18
Calculate the highest common factor of 216743460 and 20.
20
What is the greatest common factor of 87941 and 31484356?
739
What is the greatest common factor of 198803 and 540144?
3751
Calculate the highest common divisor of 102250 and 4625.
125
What is the greatest common factor of 143 and 48659533?
13
Calculate the greatest common divisor of 11797 and 11878073.
251
What is the greatest common divisor of 25808 and 3260?
4
What is the highest common divisor of 5412736 and 1960?
392
Calculate the greatest common factor of 632156 and 602.
14
Calculate the highest common divisor of 62928 and 37886.
38
What is the highest common divisor of 22619026 and 290594?
6758
What is the greatest common divisor of 19666591 and 4802?
2401
What is the highest common factor of 54108 and 3618?
54
What is the greatest common divisor of 2478 and 10249834?
826
Calculate the highest common factor of 2178 and 10865628.
18
What is the greatest common factor of 11224024 and 66304?
2072
Calculate the greatest common divisor of 19811203 and 2473.
2473
What is the greatest common divisor of 110 and 5244833?
11
What is the highest common divisor of 7811 and 5050213?
73
Calculate the highest common divisor of 1858 and 14756236.
1858
Calculate the greatest common factor of 374 and 1733996.
22
What is the greatest common divisor of 237654 and 160037964?
8802
What is the highest common factor of 384265 and 6755?
35
Calculate the highest common divisor of 8775175 and 2822.
83
What is the highest common divisor of 173487510 and 2142?
126
Calculate the greatest common factor of 980 and 303190.
10
Calculate the highest common divisor of 199773 and 1255527.
1323
Calculate the greatest common factor of 212928 and 8112.
48
What is the highest common factor of 9730 and 795445?
35
What is the greatest common factor of 1078803 and 4301?
187
Calculate the highest common divisor of 7227669 and 68.
17
Calculate the greatest common divisor of 14194224 and 464.
464
What is the greatest common factor of 544 and 15443?
1
Calculate the highest common divisor of 15360763 and 11.
11
Calculate the greatest common factor of 2651 and 15060813.
241
Calculate the highest common factor of 3891716634 and 1677.
1677
Calculate the greatest common factor of 705966 and 264434.
2426
What is the highest common divisor of 6288 and 881892?
1572
What is the highest common divisor of 46 and 7517478332?
46
What is the greatest common divisor of 600 and 97407400?
200
What is the highest common divisor of 356470 and 1495516?
1658
Calculate the greatest common factor of 599010385 and 255.
85
Calculate the highest common divisor of 73030171 and 808.
101
Calculate the highest common divisor of 465 and 126139.
31
What is the highest common factor of 78147 and 40426677?
4113
What is the greatest common factor of 9672 and 6000072?
312
What is the highest common factor of 280 and 217022260?
140
What is the greatest common divisor of 7942 and 721639?
361
What is the highest common divisor of 377236 and 60?
4
What is the greatest common factor of 14507 and 23229?
89
What is the highest common divisor of 39 and 26257647?
39
Calculate the highest common factor of 637510035 and 15.
15
What is the greatest common factor of 12185382 and 4290?
66
What is the greatest common factor of 3352 and 1343826856?
3352
Calculate the highest common divisor of 1262234 and 4570.
914
What is the highest common factor of 1459250 and 4706000?
3250
Calculate the greatest common divisor of 28908 and 825462.
198
Calculate the greatest common factor of 204 and 27701772.
204
What is the greatest common divisor of 21015247 and 32472?
451
What is the greatest common factor of 2368 and 11392?
64
What is the highest common divisor of 48883068 and 1404?
1404
Calculate the highest common factor of 6464 and 21150814.
202
Calculate the greatest common factor of 35 and 702036755.
35
Calculate the greatest common factor of 195 and 13411935.
15
What is the greatest common divisor of 5360 and 169715020?
1340
What is the greatest common divisor of 117060 and 352320?
60
Calculate the highest common factor of 4009 and 8854.
19
What is the greatest common factor of 16 and 62362?
2
What is the highest common divisor of 256 and 22938368?
256
What is the highest common factor of 16457815 and 553952?
2473
What is the greatest common divisor of 68 and 14791292?
68
What is the greatest common divisor of 1965 and 206535255?
1965
What is the greatest common divisor of 44 and 40278282?
22
What is the highest common factor of 18917331 and 76?
19
What is the greatest common factor of 13 and 198792750?
13
What is the highest common divisor of 3276 and 1497804?
84
What is the highest common divisor of 2283710 and 58630?
1430
Calculate the greatest common divisor of 14964 and 367401.
87
Calculate the highest common factor of 629317 and 18148.
13
Calculate the highest common divisor of 691 and 211.
1
Calculate the greatest common factor of 108782792 and 142.
142
What is the highest common factor of 1627839060 and 57?
57
Calculate the highest common divisor of 48787024 and 143.
143
What is the greatest common divisor of 4803 and 37533844?
1601
Calculate the greatest common divisor of 183570 and 295.
5
What is the highest common divisor of 4 and 10307404?
4
What is the highest common divisor of 7 and 79444750?
7
Calculate the greatest common divisor of 2340913 and 469.
67
What is the greatest common divisor of 35323880 and 71858?
3782
What is the greatest common factor of 6276 and 27621722?
1046
Calculate the highest common divisor of 733567 and 765.
17
Calculate the greatest common divisor of 950065 and 32665.
695
Calculate the greatest common divisor of 784131 and 17313.
87
Calculate the greatest common divisor of 327183 and 474501.
1713
What is the greatest common factor of 4967568684 and 18?
18
What is the greatest common divisor of 2972728 and 5060?
44
Calculate the highest common divisor of 29619184 and 448.
112
What is the greatest common factor of 71312 and 36752?
16
Calculate the greatest common factor of 2520 and 1497384.
504
Calculate the greatest common divisor of 178340992 and 456.
152
What is the greatest common factor of 499879039 and 44?
11
What is the highest common factor of 4441190 and 44654?
538
What is the greatest common divisor of 8426020856 and 968?
968
What is the greatest common divisor of 4312725 and 300?
75
What is the greatest common divisor of 230071441 and 18092?
4523
What is the greatest common divisor of 49680 and 2263572?
108
Calculate the highest common factor of 4167213 and 171.
57
Calculate the greatest common divisor of 3810 and 133920.
30
Calculate the highest common factor of 360 and 496900.
20
Calculate the greatest common factor of 416 and 6600032.
32
Calculate the greatest common factor of 87819455 and 25885.
835
What is the highest common divisor of 27370 and 57813490?
1610
What is the greatest common factor of 225050 and 